*g. What is the tens digit of 122*(4/10)/(g/(-5))?
6
Let y be (-30)/(2*1) - 0. Let x(l) be the second derivative of l**5/20 + 4*l**4/3 + 7*l**3/3 - 7*l**2 + 25*l. What is the units digit of x(y)?
1
Suppose 17*t = 20*t - 4*g - 13343, -4*t + 17782 = -g. What is the hundreds digit of t?
4
Let z(p) = 2*p**2 + 9*p - 5. Let q be z(-5). Suppose -13 = 4*t + 7, 2*i + 3*t - 147 = q. What is the tens digit of i?
8
Let v be 2*1/6*6. Let f(q) be the first derivative of 5*q**3/3 - q**2/2 + 4*q - 220. What is the tens digit of f(v)?
2
Let f(k) = 9*k - 4. Let y be f(7). Suppose -j = -74 - y. What is the units digit of j?
3
Let h = 79 + -75. What is the hundreds digit of 754/4 + (22/h)/(-11)?
1
What is the hundreds digit of (5384/6)/(((-100)/15)/(-10))?
3
Let t(k) = -2*k - 4. Let l be t(-7). Suppose 40 = 5*n - l. Let q = 17 + n. What is the tens digit of q?
2
Let m(x) be the third derivative of -1/60*x**5 - x**3 - 7/24*x**4 + 0*x + 7*x**2 + 0. What is the units digit of m(-5)?
4
Suppose -5*j + 3*x + 1597 = 0, 4*j - 3*x = 2*x + 1288. What is the hundreds digit of j?
3
Let j(z) = 4*z**2 - 220*z - 1 + z**2 + 227*z. What is the tens digit of j(-5)?
8
Suppose 44 + 26 = 5*v. Let y(q) = q**2 + 20*q + 25. Let m be y(-22). Let i = m - v. What is the tens digit of i?
5
Suppose -4*t = -t - 12. Suppose 5*n = -4*m + 1 + 3, -t*m + 28 = -n. Let q(k) = k**2 - 4*k - 6. What is the units digit of q(m)?
6
Suppose -190 = -3*w + 467. Suppose 0 = -3*j + 6*j - w. Suppose -3*l = -j - 29. What is the tens digit of l?
3
Let t(b) = 6*b**3 + 19 - b**2 - 3 - 7*b**3 + 76. What is the tens digit of t(0)?
9
Suppose 3*j + 3 = 150. Let a = -72 + j. Let i = a + 35. What is the tens digit of i?
1
Suppose 5*l - 2*j + 220 = l, -3*l - 172 = 2*j. Let h = l + 93. What is the units digit of h?
7
Let x(o) = 2*o + 1. Let n be x(1). Let m(j) = -2 + j - n + 0. What is the units digit of m(6)?
1
Suppose 10 = -2*q, -5*q + 631 = -v + 5*v. What is the hundreds digit of v?
1
Let l(u) = 2*u - 8. Let j be l(6). Suppose -268 = -5*i + 2*n, j*i - 113 = 2*i - 5*n. Suppose y - i = -y. What is the units digit of y?
7
Suppose f - 4*f = -6. Let k be 19/(f/16*2). Suppose i - 65 = -3*y, -3*y + k = -4*i + 21. What is the units digit of y?
1
Suppose 0 = -j - 3*j - 36. What is the tens digit of (7 + -27)*(j/2 + 0)?
9
Let u = 1291 - 847. Let f(g) = -g**3 - 22*g**2 - 40*g + 4. Let p be f(-20). What is the tens digit of u/16 - (-1)/p?
2
Suppose -3*n - 2*n = -1025. Suppose -5*m + 210 = -n. What is the units digit of m?
3
What is the hundreds digit of 5 + -3 - (3*238)/(-2)?
3
Let t = -8 - -8. Suppose t = d - 2*d + 43. What is the units digit of d?
3
Let v be 12/(-3)*2/(-4). Let i be (v/4)/((-4)/(-16)). Suppose i*z + 4*u = 32, 0*z - 3*z - 3*u = -48. What is the units digit of z?
6
Suppose -10*b - 3*b = -221. Suppose -10 = 16*k - b*k. What is the units digit of k?
0
Suppose h = -0*h + 3. Suppose 0*k = h*c - 5*k - 27, k - 5 = -2*c. Suppose 2*v + 4*j = 54, j + 135 = 5*v + c*j. What is the tens digit of v?
2
Suppose 2742 = b - 5*a, -7698 = -3*b + 2*a + 502. What is the tens digit of b?
3
Suppose -t + 11 = -0. Let o be 3/(9*2/192). Let d = o - t. What is the units digit of d?
1
Let k(h) = -h**3 - 15*h**2 + 128*h - 14. What is the tens digit of k(-26)?
9
Let z = 2378 + -1348. What is the thousands digit of z?
1
Let s = 12 + -10. Let b be 2 - (s + 4/(-4)). What is the units digit of (4 + 0 - 2) + b?
3
Suppose 3*y + 9 = -3. Let n be 66/y + 1/2. What is the units digit of ((-180)/48)/(3/n)?
0
Suppose -4*h + 3*h + 6 = 0. Let c be ((-27)/h + 3)*-2. Suppose c*b = b + 42. What is the units digit of b?
1
Suppose 0 = -5*c + 2*c + 6. Suppose 0 = 3*b + 3*x, 3 = -c*x - 5. Suppose b*k - 44 = -0. What is the units digit of k?
1
What is the hundreds digit of 7/(-70) + (2 - 7083/(-30))?
2
What is the tens digit of (-1)/2*8 - (-5676)/3?
8
Let g = 25 - 14. Let u be g/33 + (-11)/(-3). Let w = 14 - u. What is the units digit of w?
0
Suppose 3*p - 5*d + 10 + 1 = 0, -3*d = 5*p - 27. Suppose 4*a + 382 = 6*w - p*w, -a - 258 = -2*w. What is the units digit of w?
0
Let p = -245 - -490. Let t = p + -166. What is the units digit of t?
9
Let n(c) = 2*c - 3*c + 2 + 3 - 3. Let k be n(-5). Let y = -4 + k. What is the units digit of y?
3
Let m be (-2)/(-10) - (-42)/35*4. Suppose 4*s - 2*v - 8 = 18, -4*s = 4*v - 56. Suppose -4*w = -5*c - s*w + 120, -m = -5*w. What is the tens digit of c?
2
Let r(x) = 18*x - 67. Let n be (-98)/(-12) - 2*1/12. What is the units digit of r(n)?
7
Let f = 6 - 6. Suppose 0 = 2*m + 10, -5*h + f*m - 2*m = 10. Suppose 9*k - 12*k + 174 = h. What is the tens digit of k?
5
Let t = 925 - 532. What is the hundreds digit of t?
3
Suppose -12*y + 159 = -9*y. Suppose -y = 2*r - 175. What is the tens digit of r?
6
Suppose d - 5*b = 12, -3*d + 4*b + 10 = -4. Suppose 0 = 7*s - d*s - 135. Let k = -4 + s. What is the units digit of k?
3
Suppose 14*q + 14922 = 32*q. What is the hundreds digit of q?
8
Let g be 9/6*(-12)/(-9). Suppose -g*k - 204 = -5*k. Suppose 2*z = -3*o + k, 4*o = -9*z + 4*z + 86. What is the units digit of o?
4
Let r be (0 - -2)*(-2)/(-4). Suppose -63*q + 57*q = 564. What is the units digit of r/((-284)/q + -3)?
7
Suppose 1670 = 5*j - 2*o, -3*j + o + 1333 = j. Suppose -2*w + 399 = -5*a, -3*w + a + 299 = -j. What is the tens digit of w?
1
Suppose 7*y = 4*y - w + 11, 3*w - 19 = -2*y. Suppose -q + y = 5*d, -10 = -5*q - 3*d + 2*d. Suppose 0 = 4*g - q - 10. What is the units digit of g?
3
Let i(y) = -69*y - 1. Let x(b) = 24*b. Let l(q) = 3*i(q) + 8*x(q). Let w be 6*2/8*-2. What is the tens digit of l(w)?
4
Suppose -11*j + 2928 = j. Suppose -4*a + 176 + j = 0. What is the tens digit of a?
0
Let v(p) = -12*p**3 - 3*p**2 - 4*p + 19. What is the tens digit of v(-6)?
2
Suppose -6*h + 2*h = 2744. Let x = -393 - h. What is the tens digit of x?
9
Let a(t) = -t**3 + 14*t**2 + 11*t + 42. What is the hundreds digit of a(11)?
5
Suppose -4*b = 0, 3*b = 2*t - 6*t + 196. Suppose -44*w + t*w - 205 = 0. What is the tens digit of w?
4
Let n = -340 - -497. Let i = n + -110. What is the units digit of i?
7
Let d(p) = -26*p - 3. Let k(y) be the third derivative of -13*y**4/12 - 2*y**3/3 - 11*y**2. Let g(o) = -2*d(o) + 3*k(o). What is the units digit of g(-3)?
2
Suppose -2*m = 4, 5*z - 133 = 3*m + m. Suppose -3*d + 5*l - z = 0, -5*d - l = l + 21. Let g = d - -9. What is the units digit of g?
4
Suppose -2*c + 5868 = 4*n, c = -3*n - 2*n + 7332. What is the thousands digit of n?
1
Let w = -917 + 1560. What is the tens digit of w?
4
Let u(a) = 2 + 3 - a - 4 + 55*a**2. What is the units digit of u(1)?
5
Suppose 4*n = -4*d + 3036, n - 2*d - 2*d = 754. What is the tens digit of n?
5
Suppose -5*u + 38 + 72 = 0. Let h = u + 137. What is the units digit of h?
9
Let r(t) = -5*t**3 + t**2 - 2*t - 2. Let l = -40 + 63. Let m = l - 25. What is the tens digit of r(m)?
4
Let y(n) = 2*n**2 - n - 3. Suppose -32 = -2*d + j - 2*j, 3*d + 4*j - 43 = 0. Suppose -6*o + d = -13. What is the units digit of y(o)?
2
Suppose 5*j - 2*y = 31, 0 = -2*j - j - 4*y + 3. Suppose 3*s + 43 = j*o, -4 = s + 3*s. Suppose 79 + o = 3*z. What is the units digit of z?
9
Let k(a) be the second derivative of -a**4/12 - 7*a**3/2 - 21*a**2/2 + 12*a. What is the units digit of k(-17)?
7
Suppose -2*c = 86 + 34. What is the units digit of 26/((c/(-25))/6)?
5
Let j = 224 + -106. What is the units digit of j?
8
Let b = 21 + -1. Suppose -2*i - 2*i + 152 = t, 0 = 5*t - b. What is the tens digit of i?
3
Let h = 2362 + -1003. What is the thousands digit of h?
1
Let y = -45 + 49. Suppose -3*u + 63 = -0*a + 2*a, -a = -y*u + 73. What is the tens digit of u?
1
Let v(o) = -266*o + 18. What is the units digit of v(-2)?
0
Suppose 44*o - 18945 = -o. What is the hundreds digit of o?
4
Suppose 6 = v + 1. Suppose -5 = 3*w + 6*h - 11*h, -5*h + v = 0. Suppose w = 9*o - 3*o - 432. What is the units digit of o?
2
Suppose 3 = f, 3*o - 2*f - 129 = 2*f. What is the tens digit of o?
4
Let v be 40*(4 + (-14)/4). Suppose v = 3*k - 4. What is the units digit of k?
8
Suppose -15*a + 11*a = 48. Let k = a + 73. What is the tens digit of k?
6
Suppose -6158 = -9*f + 25. What is the tens digit of f?
8
Let c(k) = k**2 - k - 2. Suppose 10*v - 8*v = 0. Let m be c(v). What is the units digit of (3 - (-26 - -3)) + m?
4
Suppose 3 + 6 = 3*l - 3*b, -3*l + b